e factors of 178394270.
2, 5, 89, 200443
List the prime factors of 626920518.
2, 3, 7, 233, 64063
List the prime factors of 740792650.
2, 5, 13, 1139681
What are the prime factors of 361418294?
2, 37, 4884031
List the prime factors of 6054497303.
2267, 2670709
What are the prime factors of 194471993?
17, 11439529
List the prime factors of 317386692.
2, 3, 7, 199, 6329
What are the prime factors of 1144958904?
2, 3, 15902207
List the prime factors of 28149097.
28149097
List the prime factors of 8736843.
3, 1217, 2393
What are the prime factors of 33916495?
5, 6783299
What are the prime factors of 133517935?
5, 41, 67, 9721
List the prime factors of 1396077334.
2, 698038667
List the prime factors of 32743914.
2, 3, 7, 779617
List the prime factors of 90622086.
2, 3, 15103681
What are the prime factors of 150428496?
2, 3, 3133927
What are the prime factors of 2608036446?
2, 3, 2953, 147197
What are the prime factors of 629644161?
3, 491, 427457
List the prime factors of 2604853424.
2, 17, 89, 107603
What are the prime factors of 189294314?
2, 11, 8604287
What are the prime factors of 95437665?
3, 5, 19, 111623
List the prime factors of 850653950.
2, 5, 31, 43, 12763
What are the prime factors of 576813504?
2, 3, 23, 130619
List the prime factors of 813402584.
2, 5827, 17449
List the prime factors of 1036867753.
19, 54571987
List the prime factors of 2486482081.
12043, 206467
List the prime factors of 1042539737.
1907, 546691
List the prime factors of 1299536841.
3, 43, 1733, 5813
List the prime factors of 2316204070.
2, 5, 37, 67, 233, 401
List the prime factors of 16620107.
7, 2374301
List the prime factors of 281388556.
2, 17, 19, 217793
List the prime factors of 1245867916.
2, 17, 47, 457, 853
List the prime factors of 143814201.
3, 47938067
List the prime factors of 3555969566.
2, 109, 503, 32429
List the prime factors of 771781.
771781
List the prime factors of 1263148022.
2, 631574011
What are the prime factors of 179435652?
2, 3, 11, 1359361
List the prime factors of 747731487.
3, 103, 229, 10567
What are the prime factors of 241851750?
2, 3, 5, 7, 6581
What are the prime factors of 936254752?
2, 53, 263, 2099
List the prime factors of 1173976329.
3, 41, 9544523
List the prime factors of 606178065.
3, 5, 40411871
List the prime factors of 470257377.
3, 156752459
List the prime factors of 36222803.
41, 883483
List the prime factors of 278682410.
2, 5, 27868241
List the prime factors of 416123636.
2, 19, 23, 101, 2357
List the prime factors of 19900183.
17, 1170599
List the prime factors of 2890178618.
2, 1445089309
List the prime factors of 178127453.
7, 1277, 19927
What are the prime factors of 242403319?
11273, 21503
What are the prime factors of 1026801066?
2, 3, 97, 1764263
List the prime factors of 132669745.
5, 13, 313, 6521
What are the prime factors of 205646904?
2, 3, 193, 4933
List the prime factors of 204516032.
2, 7, 307, 1487
What are the prime factors of 3818970013?
491, 7777943
List the prime factors of 4064126621.
4064126621
List the prime factors of 2437015090.
2, 5, 31, 7861339
What are the prime factors of 318543381?
3, 13, 139, 6529
List the prime factors of 5693876343.
3, 23, 67, 136849
List the prime factors of 82705851.
3, 719, 12781
What are the prime factors of 20208681?
3, 257, 8737
What are the prime factors of 318704170?
2, 5, 79, 97, 4159
List the prime factors of 124102533.
3, 17, 71, 34273
What are the prime factors of 2123745445?
5, 424749089
List the prime factors of 1041018423.
3, 29, 181, 66109
What are the prime factors of 614028732?
2, 3, 71, 103, 6997
What are the prime factors of 41718356?
2, 29, 359641
What are the prime factors of 3683158?
2, 1841579
List the prime factors of 422769898.
2, 211384949
What are the prime factors of 2061027459?
3, 11437, 20023
List the prime factors of 115077842.
2, 11, 61, 85751
What are the prime factors of 476406811?
257, 1853723
List the prime factors of 806823380.
2, 5, 11, 67, 127, 431
List the prime factors of 2524407343.
23, 71, 1545871
List the prime factors of 54273961.
7, 53, 146291
List the prime factors of 323676.
2, 3, 37
List the prime factors of 40717388.
2, 43, 236729
What are the prime factors of 809198360?
2, 5, 71, 499, 571
What are the prime factors of 78305287?
31, 97, 26041
List the prime factors of 20505766.
2, 10252883
List the prime factors of 865057520.
2, 5, 53, 204023
List the prime factors of 1299979969.
1299979969
What are the prime factors of 357447858?
2, 3, 73, 816091
List the prime factors of 580282474.
2, 290141237
What are the prime factors of 1213116740?
2, 5, 11, 67, 82301
What are the prime factors of 44665036?
2, 13, 858943
List the prime factors of 1159291774.
2, 4591, 126257
List the prime factors of 579614484.
2, 3, 157, 307651
What are the prime factors of 473874044?
2, 7, 197, 85909
List the prime factors of 93680819.
5843, 16033
List the prime factors of 165592942.
2, 19, 151, 28859
What are the prime factors of 169324162?
2, 7, 19, 33503
List the prime factors of 1832078718.
2, 3, 113, 569, 1583
List the prime factors of 2534212776.
2, 3, 105592199
List the prime factors of 118849460.
2, 5, 1291, 4603
List the prime factors of 191744323.
37, 857, 6047
List the prime factors of 958914222.
2, 3, 7, 317, 10289
What are the prime factors of 254438129?
11, 23130739
What are the prime factors of 407499392?
2, 3183589
What are the prime factors of 274638908?
2, 1733, 39619
What are the prime factors of 412817264?
2, 25801079
List the prime factors of 129781076.
2, 32445269
What are the prime factors of 26839123?
29, 925487
List the prime factors of 1632749692.
2, 7, 1987, 29347
List the prime factors of 121886246.
2, 23, 29, 91369
List the prime factors of 2452740540.
2, 3, 5, 29, 41, 34381
List the prime factors of 57496644.
2, 3, 1597129
What are the prime factors of 57149176?
2, 7, 971, 1051
List the prime factors of 8995657.
11, 817787
List the prime factors of 42543507.
3, 47, 181, 1667
What are the prime factors of 171990938?
2, 7, 17, 29, 24919
What are the prime factors of 7225340?
2, 5, 17, 79, 269
What are the prime factors of 67325840?
2, 5, 841573
List the prime factors of 1084020748.
2, 271005187
What are the prime factors of 4257435?
3, 5, 7, 13, 3119
What are the prime factors of 3606215624?
2, 11, 47, 179, 4871
What are the prime factors of 133166658?
2, 3, 59, 113, 3329
What are the prime factors of 220944264?
2, 3, 9206011
What are the prime factors of 1560248831?
17, 1759, 52177
What are the prime factors of 44699932?
2, 19, 227, 2591
List the prime factors of 1684850366.
2, 73, 83, 257, 541
List the prime factors of 1105104999.
3, 19, 1013, 19139
What are the prime factors of 32115280?
2, 5, 61, 6581
What are the prime factors of 5351315075?
5, 3697, 57899
What are the prime factors of 106386485?
5, 21277297
List the prime factors of 34097802.
2, 3, 101, 56267
List the prime factors of 110725630.
2, 5, 263, 42101
List the prime factors of 576809482.
2, 43, 6707087
What are the prime factors of 42937872?
2, 3, 19, 23, 89
List the prime factors of 2714932779.
3, 13, 367, 14591
What are the prime factors of 732995332?
2, 183248833
What are the prime factors of 110155172?
2, 17, 1619929
What are the prime factors of 3108518369?
11, 307, 920497
What are the prime factors of 75827797?
107, 331, 2141
List the prime factors of 1085305610.
2, 5, 108530561
List the prime factors of 32531800.
2, 5, 7, 19, 1223
What are the prime factors of 25081117?
1103, 22739
List the prime factors of 400787879.
2039, 196561
What are the prime factors of 12800979?
3, 41, 113, 307
What are the prime factors of 6629725501?
7, 17, 103, 127, 4259
What are the prime factors of 189675653?
37, 5126369
What are the prime factors of 273574050?
2, 3, 5, 1823827
What are the prime factors of 3361114002?
2, 3, 560185667
What are the prime factors of 60083690?
2, 5, 6008369
What are the prime factors of 555060758?
2, 7, 39647197
List the prime factors of 289524014.
2, 13, 19, 157, 3733
List the prime factors of 79834948.
2, 19958737
What are the prime factors of 4628057905?
5, 19, 409, 6269
List the prime factors of 409765897.
173, 2368589
List the prime factors of 52479361.
11, 4770851
List the prime factors of 951869299.
1019, 934121
List the